s of o?
2, 19
Let m = 23 - 12. Suppose -m = 5*z - 141. Suppose 2*i = 16 + z. List the prime factors of i.
3, 7
What are the prime factors of 340*(12/3 - 10/4)?
2, 3, 5, 17
Let q = -1562 - -2938. What are the prime factors of q?
2, 43
Suppose -5*z + 1083 = 5*v - 847, -v - 2*z + 391 = 0. List the prime factors of v.
3, 127
Suppose 5*g + 5*i = 0, g - 5*g + 5*i = -18. Suppose 0 = -3*c - 2*c - x + 541, -2*x = -g*c + 214. List the prime factors of c.
2, 3
Let b = 99 - 53. Let f = b - 1. Let o = f - 13. What are the prime factors of o?
2
Let j(w) = 3*w**2 - 28*w + 10. What are the prime factors of j(22)?
2, 3, 47
Let a(v) = 74*v + 6. Let m be a(1). Suppose 0 = -u + m. What are the prime factors of u?
2, 5
Let u(i) = -3*i + 12. Let c be u(9). Let q(y) = y**3 + 15*y**2 - 6*y - 5. Let r be q(c). Suppose 3*t + 2*t = r. What are the prime factors of t?
17
Suppose -g = -0*g - 2. Let r(h) = 7*h**3 + h**2 - 6*h + 5. List the prime factors of r(g).
53
Let h(w) = 21*w**2 + 1. Let s be 15/(-10)*((-8)/6 - 0). What are the prime factors of h(s)?
5, 17
Let a be (5 - 3)*6/4. Suppose -b - a*b = -60. List the prime factors of (10/6)/(1/b).
5
Let p be (-498)/4*2/(-3). Let u(s) = 2*s**2 + 20*s + 34. Let z be u(-8). Suppose -y + 57 = 3*v, z*v - p = -2*v + y. What are the prime factors of v?
2, 5
Suppose -2*o = 2*o. Let t(v) = 2*v + 42. Let w(m) = m + 21. Let u(y) = 3*t(y) - 5*w(y). What are the prime factors of u(o)?
3, 7
Let v be 65 + (-3 - 0)/3. Suppose -80 - v = -4*x. What are the prime factors of x?
2, 3
Let n be -1 + 1 + 17 + -17. Let m(o) = o**2 + 3*o + 154. List the prime factors of m(n).
2, 7, 11
Let r be 3/(-15) + (-252)/(-10). Let j = r - 27. List the prime factors of -1*(6/j - 1).
2
Let p = 643 - 536. What are the prime factors of p?
107
Let r(n) = 7*n**2 - n + 2. Let z be r(-2). Let b be (-36)/(-3)*(-9)/6. Let v = b + z. List the prime factors of v.
2, 7
Suppose -3*p + 2*a = -410, -2*p - 2*p + 544 = -4*a. Let i = p - 94. What are the prime factors of i?
2, 11
Suppose -4 = -16*q + 15*q. Suppose 25 = 5*y - q*l, 4*l + 6 = 3*y - 9. List the prime factors of y.
5
Let o = -70 + 114. Suppose 0*w + w + 3*a = 4, -w = -2*a + 6. List the prime factors of o/4 - 4 - w.
3
Let b(l) = 86*l + 9. Let s(i) = -i - 1. Let d(c) = -b(c) - 5*s(c). Let k be d(-4). List the prime factors of (-12)/10*k/(-12).
2
Let r = -36 - 25. Let z = r - -219. List the prime factors of z.
2, 79
Let l(q) = q**3 - 15*q**2 + 19*q + 3. Let u be l(13). Let g = -21 - u. What are the prime factors of g?
67
Suppose 3*t - 173 = 4*w, -4*t = -3*w + 77 - 296. Suppose -3*f + 45 = -t. What are the prime factors of f?
2
Let t(o) = -o**2 + 15*o + 21. Suppose -2*f + 7*f - 55 = 0. List the prime factors of t(f).
5, 13
Let k(m) = -m - 80. Let p be k(0). Let x = p + 134. Let g = x + -38. List the prime factors of g.
2
Let q(o) = o**2 + 9*o + 9. Let x(l) = -l - 13. Let z be x(-6). Let b be q(z). What are the prime factors of 30*2*b/(-6)?
2, 5
Let t = 10 - 8. Let w be (2 + -1)*(35 + 2). Suppose -i + t*l + w = 0, 101 - 20 = 3*i + 4*l. List the prime factors of i.
31
Suppose -7 - 28 = -5*g + 4*h, g + 2*h = -7. Suppose -3*j = g - 12. What are the prime factors of ((-14)/(-6))/(j/18)?
2, 7
Suppose 4*k + 3*p + 11 - 46 = 0, 5*p - 45 = -4*k. Suppose q = k*q - 44. List the prime factors of q.
11
Suppose -76*r + 15 = -71*r. Suppose 9*u - 1164 = -r*u. List the prime factors of u.
97
Let r(l) = -15*l. Let j(t) = -t. Let b(a) = 6*a + 6. Let v be b(4). Let h(z) = v*j(z) - 5*r(z). List the prime factors of h(1).
3, 5
Suppose -173 = 3*q - 1883. Let u = q + -388. What are the prime factors of u?
2, 7, 13
Suppose -w = -3*w + 10. Let o be 1 - ((-22)/33 - 146/6). Suppose t - 5 = 0, o = 3*d + w*t - 26. What are the prime factors of d?
3
Let w(f) = -4*f - 1. Let t be w(-1). Let y(k) = k**2 + 13. Let m be y(3). Suppose -t*s + m = -41. List the prime factors of s.
3, 7
Let s(k) be the third derivative of 7*k**4/12 + 3*k**3/2 - 22*k**2. What are the prime factors of s(11)?
163
Let f(u) = u**3 - 16*u**2 + u - 10. Let z be f(16). Suppose -11*n + z*n + 80 = 0. Suppose -4*k = n, -5*c - 115 + 425 = -5*k. What are the prime factors of c?
2, 29
Let o(c) = -18*c - 13*c + 12*c. What are the prime factors of o(-4)?
2, 19
Suppose 21*h - 8713 - 3320 = 0. What are the prime factors of h?
3, 191
Let r be (39/3)/((-4)/4). Let j = -1 - r. Suppose -x + j = -2*f, 8 = -5*x - f + 68. List the prime factors of x.
2, 3
Suppose -4*x = -3*l - 5879, -22*x + 17*x - l + 7325 = 0. List the prime factors of x.
2, 733
Let z(i) = 2*i - 16. Let r be z(9). Suppose -3*t + v - 1 = -v, r*t + 22 = -4*v. List the prime factors of (t/2)/((-10)/180).
3
Suppose 3*w + 4 = -5*q - 16, -5*w + 5*q - 100 = 0. List the prime factors of (22/(-20))/((-6)/w)*-100.
5, 11
Let t be (-30)/12 + (-14)/4. List the prime factors of (561/t)/((-2)/4).
11, 17
Let m(c) = -c**2 - 3 - 2*c**2 - 3*c**2 + 6*c - c**3. Let s be m(-7). What are the prime factors of -25*4/(2 - s)?
2, 5
Let s(j) = 29*j - 12. Let y be s(-5). Let l = 208 + y. What are the prime factors of l?
3, 17
Let j(v) = -20*v + 207. List the prime factors of j(8).
47
Suppose 3*i = 39*r - 44*r + 11265, 0 = 3*r - i - 6759. List the prime factors of r.
3, 751
Let o(m) = 43*m - 14. Let b be o(4). Let y = -70 + b. What are the prime factors of y?
2, 11
Let f(w) = -3*w**2 - w + 18. Let c be f(-6). What are the prime factors of -1138*6/c - 2/7?
3
Suppose 0 = 6*f + 5*f - 36905. What are the prime factors of f?
5, 11, 61
Let q = -2 + 6. Let b(z) = -z**2 - 1. Let k(x) = x**3 + 2*x**2 - x - 1. Let l(t) = 2*b(t) + k(t). What are the prime factors of l(q)?
3, 19
Let n(c) = c**3 + c**2 - c. Let x(o) = 2*o**3 + 11*o**2 - 3*o - 9. Let s(z) = -n(z) + x(z). List the prime factors of s(-4).
5, 19
Suppose -89*o + 93*o = 28. Suppose 3*a - 33 = -2*v + 24, -2*a = -4*v - 22. Let w = a - o. List the prime factors of w.
2, 5
Suppose 6 = 3*r - 0*r. Suppose 2*j + 10 = u + r*u, 0 = 5*j + 10. What are the prime factors of 44/u - (4 - 2)?
2, 5
Let m(w) = 9*w**2 + 14*w + 2. List the prime factors of m(12).
2, 733
Let o be 30*((-30)/(-4))/5. Let j = -66 + o. Let r = 40 + j. List the prime factors of r.
19
What are the prime factors of 7/4 + (-108927)/(-76)?
5, 7, 41
Suppose -2*v - 3 - 5 = 0, 5*v = -5*t + 1575. List the prime factors of t.
11, 29
What are the prime factors of (3*(-1124)/(-36))/((-12)/(-504))?
2, 7, 281
Suppose 4*y - 35 - 13 = 0. Let j = 6 - y. List the prime factors of -12*(45/j - -4).
2, 3, 7
Let n(v) = -306*v + 11. What are the prime factors of n(-1)?
317
Suppose 0 = 4*x + 5*a - 22, 5*a + 11 = -5*x + 36. Suppose -152 = -2*f - 4*n + 42, 264 = 3*f - x*n. What are the prime factors of f?
7, 13
Let z(j) = j**3 - 34*j**2 + j + 0*j**3 + 14 + 41*j**2 - 2*j. Let d be z(-6). Let a = d + -2. What are the prime factors of a?
2, 3
Suppose 0 = 2*a - 7*a - i + 16, -5*a = -4*i - 11. What are the prime factors of a?
3
Suppose 0 = t - 21 - 3. Let v = -831 + 831. Suppose -b + 3*b - t = v. List the prime factors of b.
2, 3
Let p be 4/10 + 2273/5. Suppose -6*z = -p + 65. List the prime factors of z.
5, 13
Let t(n) = -3*n. Let i be t(3). Let q be 98/42*(-2 - 1). Let p = q - i. List the prime factors of p.
2
Let q = 278 + -143. What are the prime factors of (q + 3)*28/21?
2, 23
Let j be (6/5)/((-1224)/(-610) - 2). Let m = j + -35. List the prime factors of m.
2, 37
What are the prime factors of (15/(-90)*-358)/(1/18)?
2, 3, 179
Let d = 41 - -399. Suppose -4*a + d = 4*x, 4*x - x - 340 = -a. What are the prime factors of x?
5, 23
Let u(g) = -3*g**3 - 1. Let z be u(1). Let v be z/(2 + 44/(-20)). Suppose -18*f - 28 = -v*f. List the prime factors of f.
2, 7
Let c = -14 - 10. Let v be ((-10)/15)/(2/c). Let p = v + -1. What are the prime factors of p?
7
Let z(m) be the third derivative of -m**6/120 - m**5/20 + m**4/4 + 5*m**3/6 + m**2. Let g be z(-4). What are the prime factors of -5*(g + (-2 - -1))?
2, 5
Suppose -1407 = -5*h + 1048. List the prime factors of h.
491
Let t(q) = 8*q**2 - 6*q - 2. Let h(a) = -a**2 + a - 1. Let s(z) = 6*h(z) + t(z). List the prime factors of s(3).
2, 5
Let k(y) = y - 7. Let x be (6/9)/(7/42). Suppose -40 = -4*n - 4*r, 0*r + 40 = x*n - 2*r. What are the prime factors of k(n)?
3
Let y(x) be the second derivative of -x**5/20 + 2*x**4/3 + 5*x**3/6 - x**2/2 -